{"id":7818,"date":"2021-11-26T14:38:28","date_gmt":"2021-11-26T17:38:28","guid":{"rendered":"https:\/\/cmsaobernardo.ma.gov.br\/transparencia\/?page_id=7818"},"modified":"2025-01-14T10:22:16","modified_gmt":"2025-01-14T13:22:16","slug":"cotas-parlamentares","status":"publish","type":"page","link":"https:\/\/cmsaobernardo.ma.gov.br\/transparencia\/cotas-parlamentares\/","title":{"rendered":"Cotas Parlamentares"},"content":{"rendered":"<p>Acesse as Cotas Parlamentares da C\u00e2mara Municipal<\/p>\n<div id=\"footable_parent_8898\"\n         class=\" footable_parent ninja_table_wrapper loading_ninja_table wp_table_data_press_parent semantic_ui \">\n                <table data-ninja_table_instance=\"ninja_table_instance_0\" data-footable_id=\"8898\" data-filter-delay=\"1000\" aria-label=\"Cotas Parlamentares\"            id=\"footable_8898\"\n           data-unique_identifier=\"ninja_table_unique_id_1622695798_8898\"\n           class=\" foo-table ninja_footable foo_table_8898 ninja_table_unique_id_1622695798_8898 ui table  nt_type_legacy_table selectable striped vertical_centered  footable-paging-right ninja_table_pro ninja_table_afd_inline ninja_table_has_custom_filter\">\n                <colgroup>\n                            <col class=\"ninja_column_0 \">\n                            <col class=\"ninja_column_1 \">\n                            <col class=\"ninja_column_2 \">\n                            <col class=\"ninja_column_3 \">\n                            <col class=\"ninja_column_4 \">\n                    <\/colgroup>\n        <thead>\n<tr class=\"footable-header\">\n                                                                                        <th scope=\"col\"  class=\"ninja_column_0 ninja_clmn_nm_posttitle \">Descri\u00e7\u00e3o<\/th><th scope=\"col\"  class=\"ninja_column_1 ninja_clmn_nm_postdate \">Data da Publica\u00e7\u00e3o<\/th><th scope=\"col\"  class=\"ninja_column_2 ninja_clmn_nm_cotasparlamentaresano \">Ano<\/th><th scope=\"col\"  class=\"ninja_column_3 ninja_clmn_nm_cotasparlamentaresmes \">M\u00eas<\/th><th scope=\"col\"  class=\"ninja_column_4 ninja_clmn_nm_download \">Download<\/th><\/tr>\n<\/thead>\n<tbody>\n\n        <tr data-row_id=\"0\" class=\"ninja_table_row_0 nt_row_id_0\">\n            <td>DECLARA\u00c7\u00c3O DE INEXIST\u00caNCIA DE COTA PARLAMENTAR<\/td><td>12\/01\/2024<\/td><td>2024<\/td><td>Janeiro<\/td><td><a target=\"_blank\" download class=\"nt_btn nt_rounded_btn\" style=\"color: rgba(255, 255, 255, 1);background-color: rgba(11, 169, 30, 1);border-color: rgba(11, 169, 30, 1);\" rel=\"\" href=\"https:\/\/cmsaobernardo.ma.gov.br\/transparencia\/wp-content\/uploads\/2024\/02\/DECLARACAO-DE-COTA-PARLAMENTAR-2024.pdf\">Download<\/a><\/td>        <\/tr>\n            <tr data-row_id=\"1\" class=\"ninja_table_row_1 nt_row_id_1\">\n            <td>Cotas Parlamentares<\/td><td>26\/11\/2021<\/td><td>2021<\/td><td>Novembro<\/td><td><a target=\"_blank\" download class=\"nt_btn nt_rounded_btn\" style=\"color: rgba(255, 255, 255, 1);background-color: rgba(11, 169, 30, 1);border-color: rgba(11, 169, 30, 1);\" rel=\"\" href=\"https:\/\/cmsaobernardo.ma.gov.br\/transparencia\/wp-content\/uploads\/2021\/11\/Cota-Parlamentar.pdf\">Download<\/a><\/td>        <\/tr>\n    <\/tbody><!--ninja_tobody_rendering_done-->\n    <\/table>\n    \n    \n    \n<\/div>\n\n","protected":false},"excerpt":{"rendered":"<p>Acesse as Cotas Parlamentares da C\u00e2mara Municipal<\/p>\n","protected":false},"author":1,"featured_media":7819,"parent":0,"menu_order":0,"comment_status":"closed","ping_status":"closed","template":"","meta":{"_acf_changed":false,"footnotes":""},"categories":[1],"tags":[],"class_list":["post-7818","page","type-page","status-publish","has-post-thumbnail","hentry","category-exibir-front"],"acf":{"nome":"Cotas Parlamentares","link":"https:\/\/cmsaobernardo.ma.gov.br\/transparencia\/cotas-parlamentares\/","icone":"fas fa-file"},"_links":{"self":[{"href":"https:\/\/cmsaobernardo.ma.gov.br\/transparencia\/wp-json\/wp\/v2\/pages\/7818","targetHints":{"allow":["GET"]}}],"collection":[{"href":"https:\/\/cmsaobernardo.ma.gov.br\/transparencia\/wp-json\/wp\/v2\/pages"}],"about":[{"href":"https:\/\/cmsaobernardo.ma.gov.br\/transparencia\/wp-json\/wp\/v2\/types\/page"}],"author":[{"embeddable":true,"href":"https:\/\/cmsaobernardo.ma.gov.br\/transparencia\/wp-json\/wp\/v2\/users\/1"}],"replies":[{"embeddable":true,"href":"https:\/\/cmsaobernardo.ma.gov.br\/transparencia\/wp-json\/wp\/v2\/comments?post=7818"}],"version-history":[{"count":3,"href":"https:\/\/cmsaobernardo.ma.gov.br\/transparencia\/wp-json\/wp\/v2\/pages\/7818\/revisions"}],"predecessor-version":[{"id":8899,"href":"https:\/\/cmsaobernardo.ma.gov.br\/transparencia\/wp-json\/wp\/v2\/pages\/7818\/revisions\/8899"}],"wp:featuredmedia":[{"embeddable":true,"href":"https:\/\/cmsaobernardo.ma.gov.br\/transparencia\/wp-json\/wp\/v2\/media\/7819"}],"wp:attachment":[{"href":"https:\/\/cmsaobernardo.ma.gov.br\/transparencia\/wp-json\/wp\/v2\/media?parent=7818"}],"wp:term":[{"taxonomy":"category","embeddable":true,"href":"https:\/\/cmsaobernardo.ma.gov.br\/transparencia\/wp-json\/wp\/v2\/categories?post=7818"},{"taxonomy":"post_tag","embeddable":true,"href":"https:\/\/cmsaobernardo.ma.gov.br\/transparencia\/wp-json\/wp\/v2\/tags?post=7818"}],"curies":[{"name":"wp","href":"https:\/\/api.w.org\/{rel}","templated":true}]}}

<p>Acesse as Cotas Parlamentares da Câmara Municipal</p>
<div id="footable_parent_8898"
         class=" footable_parent ninja_table_wrapper loading_ninja_table wp_table_data_press_parent semantic_ui ">
                <table data-ninja_table_instance="ninja_table_instance_0" data-footable_id="8898" data-filter-delay="1000" aria-label="Cotas Parlamentares"            id="footable_8898"
           data-unique_identifier="ninja_table_unique_id_1622695798_8898"
           class=" foo-table ninja_footable foo_table_8898 ninja_table_unique_id_1622695798_8898 ui table  nt_type_legacy_table selectable striped vertical_centered  footable-paging-right ninja_table_pro ninja_table_afd_inline ninja_table_has_custom_filter">
                <colgroup>
                            <col class="ninja_column_0 ">
                            <col class="ninja_column_1 ">
                            <col class="ninja_column_2 ">
                            <col class="ninja_column_3 ">
                            <col class="ninja_column_4 ">
                    </colgroup>
        <thead>
<tr class="footable-header">
                                                                                        <th scope="col"  class="ninja_column_0 ninja_clmn_nm_posttitle ">Descrição</th><th scope="col"  class="ninja_column_1 ninja_clmn_nm_postdate ">Data da Publicação</th><th scope="col"  class="ninja_column_2 ninja_clmn_nm_cotasparlamentaresano ">Ano</th><th scope="col"  class="ninja_column_3 ninja_clmn_nm_cotasparlamentaresmes ">Mês</th><th scope="col"  class="ninja_column_4 ninja_clmn_nm_download ">Download</th></tr>
</thead>
<tbody>

        <tr data-row_id="0" class="ninja_table_row_0 nt_row_id_0">
            <td>DECLARAÇÃO DE INEXISTÊNCIA DE COTA PARLAMENTAR</td><td>12/01/2024</td><td>2024</td><td>Janeiro</td><td><a target="_blank" download class="nt_btn nt_rounded_btn" style="color: rgba(255, 255, 255, 1);background-color: rgba(11, 169, 30, 1);border-color: rgba(11, 169, 30, 1);" rel="" href="https://cmsaobernardo.ma.gov.br/transparencia/wp-content/uploads/2024/02/DECLARACAO-DE-COTA-PARLAMENTAR-2024.pdf">Download</a></td>        </tr>
            <tr data-row_id="1" class="ninja_table_row_1 nt_row_id_1">
            <td>Cotas Parlamentares</td><td>26/11/2021</td><td>2021</td><td>Novembro</td><td><a target="_blank" download class="nt_btn nt_rounded_btn" style="color: rgba(255, 255, 255, 1);background-color: rgba(11, 169, 30, 1);border-color: rgba(11, 169, 30, 1);" rel="" href="https://cmsaobernardo.ma.gov.br/transparencia/wp-content/uploads/2021/11/Cota-Parlamentar.pdf">Download</a></td>        </tr>
    </tbody><!--ninja_tobody_rendering_done-->
    </table>
    
    
    
</div>

<p>Acesse as Cotas Parlamentares da Câmara Municipal</p>
